
35
Suppose 2 = -6*k + 7*k. Let b be 8 + 3/k*-2. Calculate the highest common divisor of 5 and b.
5
Let w(h) = -4*h + 1. Let b be w(4). Let x be ((-2)/(-6))/((-1)/b). What is the highest common divisor of x and 45?
5
Let y(l) = -l**3 + l**2 + l + 19. Let p be y(0). What is the highest common factor of p and 152?
19
Let x(w) = -27*w - 15. Let u be x(-5). What is the greatest common factor of 72 and u?
24
Suppose 0*h = -11*h + 88. What is the highest common factor of h and 20?
4
Suppose -3*p - 162 = -6*p. Calculate the highest common factor of 18 and p.
18
Let o = -59 - -169. Suppose 13*j - 8 = -v + 11*j, 3*j = 5*v - 53. What is the highest common divisor of v and o?
10
Let m be (-9 - -3)/((-6)/4). Suppose 0 = -m*z + 6 + 6. Suppose -z*f = 3*a - 15, 4*a + 2*f - 21 = -f. What is the greatest common divisor of a and 4?
2
Suppose -2*u = -2*l - 22, 6*u - 49 = 2*u + 5*l. Let s = u - 1. Calculate the highest common divisor of s and 35.
5
Let a = -12 + 17. Let p(m) = m**2 - 3*m + 1. Let s be p(3). What is the highest common factor of a and s?
1
Suppose 0 = 2*s + 4*c - 36, -2*c = -5*s + 3*c + 60. Let q(f) = 11*f + 10. Let j be q(8). Calculate the highest common factor of j and s.
14
Let h be (105/7)/(0 + 1). What is the greatest common factor of h and 105?
15
Let w be 52/1 + -3 + 2. Suppose -2*f - w + 9 = 0. Let d = f - -32. What is the greatest common divisor of d and 11?
11
Let y = -17 - -77. Calculate the greatest common factor of 150 and y.
30
Suppose -2*n + 17 = -h, -h = 5*n - 51 - 2. Suppose 3*c - 29 = 1. Calculate the highest common divisor of c and n.
10
Let z(g) = -g**2 - 10*g + 6. Suppose 3*w + 0*w + 27 = 0. Let u be z(w). Let a = 362 + -257. Calculate the highest common factor of a and u.
15
Suppose -3*d = -0*d + 2*f - 224, 0 = -d + 2*f + 64. Calculate the highest common factor of d and 9.
9
Suppose p + 2*p = 0. Suppose 3*a - 5 = -5*h, h - 2*a - 1 = -p. What is the highest common divisor of h and 3?
1
Let j be 4/18 - (-20)/(-9). Let y(a) = -a. Let k be y(j). Let h(c) = 3*c**3 - 2*c**2 + c - 1. Let l be h(k). Calculate the greatest common divisor of 119 and l.
17
Let i(q) = -q**3 + 4*q + 14. Let y be i(0). Suppose 2*x - 6 = -x. What is the highest common divisor of y and x?
2
Let a be (8 + -2)*(-1)/(-2). Suppose 0 = h + a*h - 128. Calculate the greatest common factor of h and 8.
8
Let g(s) be the first derivative of 4*s**3/3 + 3*s**2/2 + 3*s + 6. Let c be g(-2). Calculate the greatest common factor of c and 65.
13
Suppose -3*g - 14 = -2*s + 3, 4*s - 24 = -4*g. Let h be (-2 - s)/(-3) - 1. Let m = -4 + 6. Calculate the highest common factor of m and h.
2
Let t = -20 - -56. Calculate the highest common divisor of t and 108.
36
Let f(t) = 30*t. Let j be f(1). Suppose -3*z = 2*z - j. Calculate the highest common divisor of z and 12.
6
Suppose 4*g = -4*o - 20, 6*o - o + 25 = -3*g. Let n = -10 + g. Let z be (49/(-35))/(2/n). Calculate the highest common factor of 49 and z.
7
Let u = 5 - 2. Suppose -u*l = -l - 114. What is the greatest common divisor of l and 38?
19
Suppose 0 = -l - 3*a + 38, 0*l - 2*a = l - 33. Let w = 37 - l. What is the greatest common factor of 56 and w?
14
Suppose 0 = -2*t - 0*t + 4. Let p(g) = g**3 + g + 2. Let w be p(t). What is the greatest common factor of 12 and w?
12
Let a = 6 + -4. Suppose a*g = -l + 8, -2*g - 4*l = -0*g - 14. Suppose g*m - 71 - 13 = 0. What is the greatest common divisor of m and 70?
14
Let a be 23 - 0 - (-3 - -4). What is the highest common divisor of a and 198?
22
Let b(f) = -4*f**3 + 4*f + 3. Let s be (-23)/46 - (-6)/(-4). Let j be b(s). What is the highest common factor of 108 and j?
27
Let b(f) = 396*f**2 + 1. Let s be b(-1). Suppose 5*j + 92 = s. Suppose -3*x = -3*g + 42 - 15, 5*g - j = x. Calculate the greatest common divisor of 39 and g.
13
Suppose 2*y = 5*j + 47 - 16, -3*j = -y + 15. Let v = 30 - y. Suppose u - 83 - 49 = 0. What is the greatest common factor of u and v?
12
Let z be (-100)/15*18/(-4). What is the greatest common factor of 330 and z?
30
Let k be (-848)/56 - 1/(-7). Let f = k - -7. Let o = 18 + f. Calculate the greatest common divisor of o and 2.
2
Let z be (-1)/(1/(-2))*1. Suppose -3*s = z*s. Suppose -5*w + 3*w = -2*n + 188, s = w - 5. Calculate the highest common divisor of n and 9.
9
Let y(r) = -2*r + 2. Let n be y(-6). Let m(z) = z**2 + 2*z - 7*z - 1 - 2. Let g be m(-3). Calculate the greatest common divisor of g and n.
7
Let s(n) = 2*n**2 - 5*n - 4. Let u be s(6). Suppose 0 = -4*l - 16, -3*l + 104 = -2*i - 288. Let z = -107 - i. Calculate the greatest common divisor of z and u.
19
Let u = -44 - -99. What is the greatest common factor of u and 11?
11
Let d be 4/((-4 - -3)*-2). Let r be (6 - -30)*3/d. What is the highest common factor of 6 and r?
6
Let d(f) = 15*f - 7. Let k be d(10). What is the highest common factor of k and 13?
13
Suppose f - 103 + 25 = 0. What is the greatest common factor of f and 195?
39
Let i be -6*(-8)/12 - (-123 - -1). Calculate the greatest common divisor of 14 and i.
14
Suppose -3*r + 33 = -6*r. Let b = -2 - r. What is the greatest common factor of b and 3?
3
Suppose -15 = n - 4*n. Calculate the highest common divisor of 35 and n.
5
Let i(m) = 6*m**2 + 4*m + 2. Let l be i(-2). Let x(k) = -24*k**3 + k**2 - k. Let u be x(1). Let j = -12 - u. Calculate the highest common divisor of j and l.
6
Let c be (-2 - 1*-11)*1. Suppose 4*a - 3*a + 4 = 0. Let y = 13 + a. Calculate the highest common factor of y and c.
9
Let u(g) = g**3 + 5*g**2 - 2*g + 6. Suppose o = -2*d - 8, -2*d = o + 3*o + 2. Let p be u(d). Calculate the greatest common factor of p and 32.
16
Let r = -6 + 10. Suppose 2*h = 2*v - 10, r*v - 4*h - 28 = -v. What is the highest common divisor of 56 and v?
8
Let q(r) be the first derivative of -5*r**4/4 + r**2/2 + 2*r - 5. Let p be q(-2). What is the greatest common factor of 5 and p?
5
Let x(t) = -t**2 - 10*t - 16. Let q be x(-7). Calculate the highest common divisor of 50 and q.
5
Let v be (-3 + -1 - -9) + -2. Calculate the greatest common factor of v and 3.
3
Suppose 13 + 7 = 5*q. Suppose -i = -3*i + 20. Calculate the greatest common factor of i and q.
2
Let l = 3 + 0. Suppose 5*p - 2*p - 3*i = 15, 11 = l*p - i. What is the greatest common divisor of 1 and p?
1
Let k = -2 - -8. Calculate the greatest common divisor of 42 and k.
6
Let r = -69 - -93. What is the highest common divisor of 8 and r?
8
Let j = -245 - -290. Let v(y) = -y**2 - 6*y - 3. Let h be v(-2). Calculate the highest common factor of h and j.
5
Suppose -5*l - v + 237 = 0, 5*v + 63 = -3*l + 4*l. Calculate the highest common divisor of 3 and l.
3
Suppose 2*s = 17 - 1. Calculate the highest common divisor of 32 and s.
8
Let x be (2 - 0) + 0/1. Let m(k) = -6*k + 3*k + 1 - 15. Let w be m(-12). What is the highest common factor of x and w?
2
Let o(x) = x**2 + 4*x + 3. Let u be o(-3). Let f(i) = -i**2 + 2*i + 96. Let g be f(u). What is the greatest common factor of g and 12?
12
Let q(z) = z**3 + 7*z**2 + 5*z - 1. Let x be q(-6). Suppose -88 + 8 = -x*y. Calculate the highest common factor of y and 128.
16
Suppose 2*l + 64 = 4*m, m + 0*m + 2*l = 26. Let f be (-1 - (-2)/(-4))*-2. Let o be 4*(f/1 - -15). What is the highest common divisor of m and o?
18
Let n(t) = 2*t**2 - 9*t - 8. Let k be n(7). Calculate the highest common divisor of k and 9.
9
Let i = -9 + 13. Suppose -2*f + 4*o = 0, 3*f + 2*f = o + 9. Suppose -f*v + 44 = i*j + 2*v, -3*j + 5*v + 25 = 0. What is the greatest common factor of 4 and j?
2
Let v = -8 + 15. Let l(t) = t**2 + 4*t + 3. Let d be l(-3). Let z be 21/3*(d + 5). Calculate the highest common factor of z and v.
7
Let i = 1 - -1. Suppose 5*a + i*j = 3*j + 52, -5 = -a + 2*j. Calculate the highest common divisor of a and 11.
11
Let a be (197/20 - 6/24)*15. Calculate the greatest common divisor of 12 and a.
12
Let y(r) = r**2 + 8*r + 30. Let v be y(-5). Calculate the greatest common divisor of 35 and v.
5
Let n be (0 - 1)*(-9 - (-8)/1). What is the greatest common divisor of n and 7?
1
Suppose -1 = -5*h + 9. Suppose 3*s - 369 = 3*v, 2*v + v + 249 = h*s. What is the greatest common divisor of 15 and s?
15
Let o = -24 + 36. Let t = -2 - -2. Suppose -48 = -t*y - y. What is the highest common factor of o and y?
12
Let i(l) = 13*l**2 + 2. Let p be i(-2). Suppose -3*s - 4*b - 10 